 5*d + 0*s + 51 = 2*s. Let z = 61 - d. Suppose -5*w = 5*b - 180, -b - z = -3*b + 5*w. What is the tens digit of b?
3
Suppose -106*q + 290 = -101*q. Suppose 16*w - q*w + 49560 = 0. What is the tens digit of w?
8
Suppose -23304057 = 840*u - 30118580 - 31532317. What is the units digit of u?
1
Suppose -4*h - 2*s + 22 = 0, 7*s - 19 = -h + 2*s. Suppose 0 = -h*y + 3*y + 476. What is the units digit of y?
6
Let g(r) = 3 - 179*r**2 - 13*r - 182*r**2 + 362*r**2. Let t be g(26). Suppose o + 111 - t = 2*p, 2*p = 5*o - 1126. What is the hundreds digit of o?
2
Suppose 0 = 4*y + 49*y - 345860 - 61763. What is the units digit of y?
1
Let j(t) = 2*t**2 - 18*t + 5. Let s be j(9). Suppose -s*i - 3328 = -13*i. What is the units digit of i?
6
Suppose 2*s - 29765 = -9*z, 9*s + 4*z - 59572 = 5*s. What is the ten thousands digit of s?
1
Suppose -x - 3*x = 2*w + 374, -3*x = 5*w + 284. Let z = 74 - x. Let r = z + -80. What is the units digit of r?
7
Let r = 36224 + 11055. What is the tens digit of r?
7
Let z(v) = -248*v - 190. Suppose -3*a + 7 = 5*g, -2*a - 27 = -6*g + 3*g. What is the hundreds digit of z(a)?
2
Suppose 0 = 5*m + 10, 2*m + 80 - 31 = v. Suppose 7*g - 22*g - v = 0. What is the hundreds digit of (1 + 0/g)/((-1)/(-275))?
2
Let j(i) = -22*i + 5. Let l be -1 + (-1 - (1 + 4)). Let f be j(l). Let x = -23 + f. What is the units digit of x?
6
Let g be (-920)/50*2/((-4)/5). Suppose b + 138 = -3*b - 3*c, b = 2*c - 40. Let a = b + g. What is the units digit of a?
0
Let l = 34 - 33. Let o be l/(-1)*(-1790)/10 - 0. Let d = -62 + o. What is the units digit of d?
7
Let z(y) = y**2 - 58*y + 449. What is the units digit of z(85)?
4
Let y = -577 + 580. Suppose 2*b - 674 = 3*s + 658, 0 = -y*b - 5*s + 1960. What is the tens digit of b?
6
Let x(t) = 36 + t**2 - 3111*t - 10 + 3168*t + 1. What is the thousands digit of x(14)?
1
Suppose 5*c + 6 = 3*v + 30, 3*c + 5*v + 6 = 0. Suppose -c*k - 4 + 10 = 0, -836 = -4*a + 2*k. What is the hundreds digit of a?
2
What is the tens digit of (7 - -2245)*3 + -8 + -2?
4
Let o = 84508 - 58855. What is the thousands digit of o?
5
Let f(i) = 6*i**3 - 13*i**2 + 145*i + 115. What is the tens digit of f(19)?
3
Let q = -281 - -373. Let j = -204 + 326. Let n = q + j. What is the tens digit of n?
1
Suppose -6*z = -10*z - 4*q + 28104, 0 = 5*z - 4*q - 35130. What is the hundreds digit of z?
0
What is the hundreds digit of 4 + (-223518)/(-10) + (-256)/320?
3
Let h(v) = v**2 + 6*v + 8. Let k be h(-5). Suppose -6*g = -2*g - k*n - 658, -5*n - 322 = -2*g. What is the units digit of g?
6
Suppose -z - 5*m + 21357 = 0, -2*z + 65837 = 2*m + 23163. What is the thousands digit of z?
1
Let q = -35 + 27. Let w be ((-12)/q)/(1/2). Suppose -w*d + 4*j + 74 = 0, 2*d + 3*d - 4*j - 118 = 0. What is the tens digit of d?
2
Let l be -4*(-1 - 27/(-4)). Let f = 25 + l. What is the tens digit of 4 + -8*(-2)/f?
1
Let d(t) be the second derivative of -t**5/20 - t**4/3 + 2*t**3/3 + 11*t**2/2 + 33*t. Let p be d(-7). Let m = 256 - p. What is the tens digit of m?
2
Suppose 34*o - 40*o = -114. Let f(w) = w**3 - 21*w**2 + 45*w - 45. What is the tens digit of f(o)?
8
Let d = -114 - -250. Suppose -w + 5*r - r - 67 = 0, -r = 3. Let y = w + d. What is the units digit of y?
7
Let g(l) = l**2 - 8*l + 18. Let v be g(7). Let z be v + (-8)/(-12)*-3. What is the units digit of 76/6*z/6?
9
Suppose -4*n + 3*w + 0*w + 3185 = 0, -5*w = 4*n - 3225. Let x = n + -358. What is the units digit of x?
2
Let s(f) = 16587*f + 1036. What is the ten thousands digit of s(2)?
3
Suppose 5*x + 173*z = 170*z + 63687, -2*z + 8 = 0. What is the hundreds digit of x?
7
Suppose -178*q - l + 19511 = -173*q, q = l + 3901. What is the thousands digit of q?
3
What is the units digit of 11/77*27307 - 2?
9
Let p = 58 - 55. Suppose 0*x - 2*x + 40 = 4*z, p*z = 2*x - 47. What is the tens digit of (-203)/(-5) + x/55?
4
Let j = 42 - 33. Suppose -11240 = -j*b - b. Suppose -5*t + b = 159. What is the units digit of t?
3
Suppose -4*x = -45 + 13. Suppose 0*q - 9 = -3*d + q, 5*d - x = 4*q. Suppose -178 = -d*u + 178. What is the tens digit of u?
8
Let v = -471 + 477. Suppose w + w + v = 0, -2*a + 2*w + 1522 = 0. What is the tens digit of a?
5
Suppose -5*t = -b - 19, -2*t + 2*b + 4 = -2*b. Let w be (2 - (-6)/15)*(t + 1). What is the units digit of 2/(-8) - (-1359)/w?
3
Suppose -3*q - 3 = -x, -q - 1 = -3*x - 0*q. Suppose -507 + 13 = -2*r. Suppose x = 7*k + 6*k - r. What is the units digit of k?
9
Let u(g) = -6*g - 26. Let i be u(-5). Suppose -22 = -4*h - 2*s - 0, 0 = -h - i*s + 23. Let w(t) = 19*t**2 - 6*t + 15. What is the tens digit of w(h)?
6
Let l be 0/((-6)/2 - 2). What is the hundreds digit of 10/25 + (-8212)/(-20) + l?
4
Suppose -3*a = -0*a. Suppose -4*o - 4*k - 28 = a, 2*k + 4 = k. What is the units digit of 4/(-14) - 3*o/7?
1
Let g = 48 + 4. Let q = 99 - g. Let z = q + -7. What is the tens digit of z?
4
Suppose 19*b = 17*b + 160. Let t = b + -49. Let l = t + 67. What is the units digit of l?
8
Suppose -4*s + 57*j + 21734 = 62*j, 0 = -4*s + 3*j + 21750. What is the units digit of s?
6
Let u be (28/(-56))/((1/10)/(-1)). What is the units digit of (-8824)/16*-2 - u?
8
Let p(r) = -r**3 - 7*r**2 - 9*r - 7. Let n be p(-6). Suppose -n*i - 992 = -2862. What is the units digit of i?
0
Suppose 0 = -2186*r + 2170*r + 250512. What is the units digit of r?
7
Let h = 33 + -33. Suppose v + r - 3*r = 15, 3*v + 5*r = 45. Suppose -14*a + v*a - 171 = h. What is the units digit of a?
1
Suppose 5*s = t + 142919, -26695 = -2*s + t + 30475. What is the ten thousands digit of s?
2
Let q be (-28)/10*(-2)/((-8)/10). Let k(j) = -43*j - 117. What is the hundreds digit of k(q)?
1
Let n be 20*(2 - 46/4). Let r = -42 + n. Let u = r + 330. What is the units digit of u?
8
Let x = 8 + -11. Let o be 3/(-9)*0 - (22 - 23). What is the tens digit of o/(-1) + 15*(14 + x)?
6
Suppose 4*n - 5 = 2*a + 5, -3*a = 3*n + 15. Suppose n = -2*f + 1010 - 156. What is the hundreds digit of f?
4
Let s be 1439 - 27 - -5*(2 - 3). Suppose 28*l - s = 25*l. What is the units digit of l?
9
Suppose 56*o - 53*o - 528 = 4*g, -2*o = 2*g - 366. What is the hundreds digit of o?
1
Suppose -b = -1, -2*b = -4*u + 3*u + 39. What is the units digit of u?
1
Let w(r) = -4*r**2 - 29*r - 2. Let p be w(-13). What is the tens digit of p/(-14)*4*2?
7
Let h = -3189 - -5330. What is the tens digit of h?
4
Let g = 44 + -29. What is the hundreds digit of (235/g)/((-1)/(-27))?
4
Let o(m) = -10*m - 82*m**2 + 29*m**3 - 6 + 7 + 85*m**2. What is the tens digit of o(3)?
8
Suppose 4*i + 2450 = -3*p - i, 4*p + 3315 = 3*i. Let r = -366 - p. What is the units digit of r?
9
Let u(i) = 181*i + 9294. What is the thousands digit of u(22)?
3
Suppose 0 = 10*u - 4073 + 533. Suppose -9*v - u = -10*v. Suppose -2*a + 5*a - v = 5*w, -a + 2*w + 119 = 0. What is the tens digit of a?
1
Let l(x) = 4*x**2 + 73*x - 494. What is the thousands digit of l(29)?
4
Suppose 0 = -5*q, -5*q - 388 = -3*g - 49. Suppose 331 = 3*n - g. What is the units digit of n?
8
Let q = 530 - 530. Suppose q = f - 4, 5*r = -f + 3514 + 1780. What is the hundreds digit of r?
0
Suppose 0 = 3*v - 5*v - 8, 2*v = -4*h + 52. Suppose -i - 5*w + 1485 = 3*i, h = -5*w. What is the units digit of i?
5
Suppose 0 = -0*f + 2*f - q - 23, -2*f + 5*q + 27 = 0. Let n(y) = y - 10 + f + 5*y - 12. What is the units digit of n(10)?
9
Let z be (-1 - (0 - 1)) + 1 + 56. Suppose 4*v = 3*y - v + 50, -3*v = 4*y + z. What is the tens digit of -1*(y - 8/(-2))?
1
Let i be (28/14)/((-1)/(-2)). Let u(y) = 4*y**2 - 5 + 2*y**2 - 8*y - y**3 + 11*y. What is the units digit of u(i)?
9
What is the units digit of 4/48*2 - 1 - (-360255)/90?
2
Let w(c) = 54*c + 283 - 381 + 11*c. What is the tens digit of w(10)?
5
Let z be 14096/24 - 2/6. Suppose -159 = -4*n + 4*q - z, -4 = -4*q. Let h = n - -218. What is the hundreds digit of h?
1
Suppose 0 = z + 2*y + 8, 9*z - 5*z + 8 = 4*y. What is the hundreds digit of (327/6)/(z + (-27)/(-6))?
1
Suppose 4*m = 16, -9*m = -3*s - 8*m + 149. What is the tens digit of s*(-16)/(-4)*(4 - 3)?
0
Let p(t) be the first derivative of -54*t**3 - t**2/2 + t - 11. Let u be p(-2). What is the units digit of (-3)/12 + 0 - u/4?
1
Let d(l) = -186*l + 85. What is the thousands digit of d(-16)?
3
Let w = 41 - 42. Let g be -2 + 40 + (-2 - w) + -1. Suppose -5*m = -3*m - 3*v - g, -92